. What is x(43)?
37
Let y(m) = -2*m**3 + 11*m**2 + 11*m - 28. Determine y(6).
2
Let m(g) = g**3 - 13*g**2 - 36*g + 62. Calculate m(15).
-28
Let g(p) = -2*p**2 - 26*p - 153. Determine g(-8).
-73
Let t(a) = -45*a - 1802. Determine t(-40).
-2
Let j(s) = -391*s - 1568. Calculate j(-4).
-4
Let n(c) = 4821*c - 28930. Give n(6).
-4
Let a(f) = 12*f**2 + 331*f - 143. Give a(-28).
-3
Let x(c) = -646*c + 18086. Calculate x(28).
-2
Let n(g) = g + 41. Determine n(4).
45
Let c(g) = -5*g**3 - 221*g**2 - 52*g - 349. What is c(-44)?
3
Let g(j) = 5*j**3 + 8*j**2 - 11*j + 8. What is g(2)?
58
Let g(v) = 6*v**2 - 16*v - 79. Give g(-4).
81
Let i(g) = -g**3 + 68*g**2 - 178*g - 899. Give i(65).
206
Let b(r) = -1783*r - 5365. Determine b(-3).
-16
Let a(s) = -8*s + 115. Calculate a(52).
-301
Let p(a) = -a**3 + 8*a**2 + 17*a - 12. Calculate p(10).
-42
Let b(i) = -i**2 + 32*i + 811. Calculate b(48).
43
Let l(d) = d**3 - 2*d**2 + 27*d - 164. Calculate l(6).
142
Let g(n) = -3*n**3 + 26*n**2 + 37*n + 38. Give g(10).
8
Let h(g) = 2*g**3 + 114*g**2 - 118*g - 130. Calculate h(-58).
-14
Let z(b) = -b**2 - 75*b - 671. Determine z(-12).
85
Let q(i) = -3*i**2 + 1072*i - 2147. Give q(2).
-15
Let v(l) = -274*l + 47394. Give v(173).
-8
Let z(f) = -f**2 - 620*f + 1241. What is z(2)?
-3
Let z(b) = b**3 + 4*b**2 - 57*b - 244. Give z(-7).
8
Let w(y) = -17*y - 70. Calculate w(-1).
-53
Let f(d) = 5319*d + 15941. Give f(-3).
-16
Let p(m) = 16*m**2 + 430*m + 138. Determine p(-28).
642
Let b(r) = r**3 + 76*r**2 + 472*r + 3628. Give b(-70).
-12
Let o(a) = 34*a + 216. Determine o(3).
318
Let k(y) = -3*y**3 + 5*y**2 + y + 2. Calculate k(4).
-106
Let p(l) = 6*l**2 - 49*l + 48. What is p(1)?
5
Let x(c) = 4*c**2 + 25*c + 42. Give x(-3).
3
Let f(j) = -515*j - 11318. What is f(-22)?
12
Let h(l) = -5*l**2 + 64*l - 65. Give h(1).
-6
Let a(k) = 13*k + 367. Calculate a(7).
458
Let s(w) = -w**3 + 1338*w**2 - 9318*w + 19. Calculate s(7).
12
Let i(b) = b**3 + 8*b**2 - 10*b - 28. What is i(-9)?
-19
Let z(m) = 329*m + 3999. Give z(-12).
51
Let u(z) = 83*z + 3160. What is u(-36)?
172
Let i(n) = -n**3 - 16*n**2 + 214*n - 3. What is i(10)?
-463
Let a(y) = -y**3 + 111*y**2 + 577*y + 346. Determine a(116).
-2
Let l(i) = 503*i - 9055. Calculate l(18).
-1
Let d(c) = c**2 - 13*c - 533. What is d(-25)?
417
Let b(k) = 2*k**2 - 144*k - 82. Calculate b(80).
1198
Let a(w) = -1760*w + 3516. Calculate a(2).
-4
Let f(z) = 22*z**2 + 770*z - 46. Give f(-35).
-46
Let s(u) = 94*u - 2718. Calculate s(30).
102
Let x(n) = 674*n - 3292. What is x(5)?
78
Let r(o) = -6*o - 130. Give r(11).
-196
Let x(o) = 19*o - 337. Give x(5).
-242
Let p(k) = -k**3 + k**2 + 2959*k - 5911. Determine p(2).
3
Let v(r) = -r**3 + 24*r**2 + 47*r - 490. What is v(25)?
60
Let z(c) = 18*c**2 - 4*c + 2. Determine z(2).
66
Let y(k) = -k**2 - 62*k + 1324. Calculate y(-79).
-19
Let z(b) = 2*b**3 + 30*b**2 + 42*b - 25. What is z(-13)?
105
Let j(d) = -2*d**2 + d - 619. What is j(0)?
-619
Let w(h) = -2*h**2 + 56*h + 82. Calculate w(26).
186
Let u(y) = -5*y**2 + 159*y - 86. Give u(31).
38
Let l(o) = -o**3 + 44*o**2 - 118*o - 212. Give l(41).
-7
Let v(l) = -434*l - 2595. What is v(-6)?
9
Let k(u) = -4*u**3 - 13*u**2 - 15. Calculate k(-4).
33
Let n(j) = -3*j**2 + 28*j - 88. Give n(15).
-343
Let w(h) = h**3 - 52*h**2 + 100*h + 16. Give w(50).
16
Let w(k) = -5*k**3 + 224*k**2 + 57*k - 483. Calculate w(45).
57
Let w(p) = -p**2 - 1649*p + 28374. Determine w(17).
52
Let b(o) = o**3 + 10*o**2 + 28*o + 62. Give b(-7).
13
Let m(n) = -n**2 + 764*n + 28786. Give m(-36).
-14
Let b(h) = 1599*h - 83161. What is b(52)?
-13
Let u(k) = -10*k**3 - 3*k**2 - 28*k + 34. What is u(1)?
-7
Let u(i) = -183*i - 3445. Give u(-18).
-151
Let h(w) = w**3 - 12*w**2 - 28*w - 246. Determine h(15).
9
Let m(q) = -734*q + 4401. Give m(6).
-3
Let c(t) = -5*t - 360. Determine c(-70).
-10
Let b(g) = 10*g + 111. What is b(-12)?
-9
Let z(u) = -u**3 - 11*u**2 - 31*u + 9. Calculate z(-6).
15
Let c(w) = -2*w**2 + 61*w - 466. Give c(15).
-1
Let a(h) = -h**3 + 11*h**2 + 38*h + 12. Determine a(-3).
24
Let m(g) = -1980*g - 15840. Calculate m(-8).
0
Let n(i) = -5*i**2 - 72*i - 8. Give n(-14).
20
Let h(q) = -q**3 + 11*q**2 + 2*q - 101. Give h(11).
-79
Let o(k) = -112*k - 15627. What is o(-139)?
-59
Let j(o) = 91*o - 4282. Give j(47).
-5
Let j(t) = t**2 - 31*t + 185. Calculate j(25).
35
Let v(b) = -76*b**3 - 2*b**2 - 3*b. What is v(-1)?
77
Let f(y) = 107*y + 881. Calculate f(-8).
25
Let n(z) = 22*z**2 - 6*z - 3. What is n(-1)?
25
Let o(s) = -3*s**3 + 2*s**2 + 3*s. Determine o(-2).
26
Let l(w) = -24*w + 2085. Give l(85).
45
Let u(s) = s**3 - 5*s**2 - 23*s - 111. Give u(9).
6
Let r(s) = -s**2 + 112*s - 2862. Give r(79).
-255
Let a(s) = 2*s**3 + 11*s**2 - 12*s - 81. Give a(-8).
-305
Let a(b) = -b**2 - 6*b - 66. Determine a(-11).
-121
Let a(o) = -9*o**2 + 221*o + 282. Give a(26).
-56
Let p(f) = f**2 + 210*f - 56053. What is p(-364)?
3
Let y(i) = -i**3 - 136*i**2 - 19*i - 2580. Give y(-136).
4
Let p(d) = 3*d**2 - 13*d - 44. Calculate p(-4).
56
Let t(y) = -2330*y + 4631. Determine t(2).
-29
Let l(m) = -m**3 - 44*m**2 + 190*m + 4. What is l(4)?
-4
Let b(d) = d**3 - 2*d**2 - 234*d + 160. Determine b(16).
0
Let j(l) = l**3 - 11*l**2 - 8*l + 20. Determine j(11).
-68
Let y(j) = 9*j**3 + 13*j**2 - 9*j - 5. Determine y(1).
8
Let y(q) = -q**3 - 32*q**2 - 30*q - 1. Determine y(-31).
-32
Let u(j) = j**3 + 8*j**2 - 2*j - 1. Calculate u(1).
6
Let w(h) = -2*h**2 + 95*h - 388. Calculate w(4).
-40
Let v(u) = u**3 + 60*u**2 + 54*u - 306. Calculate v(-59).
-11
Let r(y) = -y**3 + y**2 + 39*y - 97. Determine r(5).
-2
Let d(x) = -7*x**2 - 92*x + 2. What is d(-14)?
-82
Let a(j) = -2*j**2 + 2*j - 175. Calculate a(0).
-175
Let a(v) = -61*v + 10520. What is a(172)?
28
Let q(t) = t**3 - 50*t**2 + 38*t + 546. Determine q(49).
7
Let f(l) = l**2 - 37*l + 201. Determine f(7).
-9
Let c(m) = -m**3 + 8*m**2 - 77*m - 21. Determine c(0).
-21
Let v(h) = -23*h**3 - 159*h**2 - 140*h - 79. Give v(-6).
5
Let w(n) = 3*n**2 - 81*n - 188. Give w(29).
-14
Let q(y) = -984*y - 4909. Give q(-5).
11
Let r(g) = -213*g + 93. What is r(1)?
-120
Let m(a) = 42*a**3 - 10*a**2 - 6*a - 6. Calculate m(-2).
-370
Let j(g) = 151*g**2 + 2*g - 4. Give j(1).
149
Let u(r) = 3*r**3 + 16*r**2 + 2*r - 14. What is u(-6)?
-98
Let t(x) = x**3 - 53*x**2 + 30*x + 152. Give t(52).
-992
Let a(v) = 3*v**3 - 20*v**2 - 8*v + 17. What is a(7)?
10
Let n(p) = 137*p + 27. Give n(1).
164
Let k(a) = 51*a + 1181. Determine k(-22).
59
Let v(x) = 3*x**2 + 161*x + 2045. Determine v(-32).
-35
Let v(h) = h**3 + 5*h**2 + 3*h - 60. Determine v(7).
549
Let f(t) = -116*t + 2033. Determine f(18).
-55
Let o(l) = 2*l**3 - 27*l**2 - 10*l - 29. Determine o(14).
27
Let r(q) = q**2 + 188*q - 1361. Give r(7).
4
Let g(t) = 781*t - 3838. Give g(5).
67
Let z(a) = -2*a**3 - 47*a**2 - 22*a + 4. Determine z(-23).
-19
Let p(y) = 3*y**3 + 10*y**2 - 24*y - 8. Determine p(5).
497
Let q(p) = 286*p - 4241. What is q(15)?
49
Let g(t) = -t**3 - 7*t**2 - 15*t - 47. Determine g(-7).
58
Let d(x) = -x**3 + 11*x**2 - 10*x - 37. Calculate d(8).
75
Let z(q) = -q + 167. Determine z(25).
142
Let t(z) = -15*z**2 - z - 3. Determine t(-2).
-61
Let n(g) = 738*g - 12534. What is n(17)?
12
Let h(f) = 279*f + 1063. Determine h(-4).
-53
Let t(m) = -m**3 - 13*m**2 + 20*m + 4. What is t(-15)?
154
Let y(n) = 3*n**2 - 92*n - 2110. Determine y(46).
6
Let q(n) = n**3 + 128*n**2 + 304*n + 6553. Calculate q(-126).
1
Let a(l) = 105*l**2 + 195*l - 36. Determine a(-2).
-6
Let z(i) = i**3 - 30*i**2 + 94*i + 262. Determine z(26).
2
Let v(s) = -2*s**3 - 4*s. Calculate v(4).
-144
Let s(p) = 34*p - 196. What is s(5)?
-26
Let u(d) = 2*d**2 - 47*d + 225. What is u(6)?
15
Let a(z) = -399*z + 18347. Determine a(46).
-7
Let i(b) = b**3 + 22*b**2 - 3*b + 91. Calculate i(-22).
157
Let y(m) = -m**3 + 31*m**2 + 3*m + 931. Give y(32).
3
Let y(w) = -70*w + 479. Give y(18).
-781
Let p(x) = 39*x**2 + 1990*x + 70. Determine p(-51).
19
Let k(i) = -103*i + 32780. Give k(318).
26
Let g(s) = s**3 - 13*s**2 + 30*s + 3. Determine g(10).
3
Let t(v) = v + 53. Determine t(35).
88
Let l(d) = -3*d**2 + 2*d + 33. Give l(4).
-7
Let v(q) = 221*q + 6895. Calculate v(-31).
44
Let n(v) = -2*v**2 - 196*v - 4751. Give n(-44).
1
Let h(t) = 117*t + 8079. Calculate h(-69).
6
Let t(b) = b**3 + 29*b*